- 35. List the prime factors of q.
2, 3
Let c(l) = 4*l**3 + 2*l**2 - l + 6. Let r be c(-3). Let i = r + 225. What are the prime factors of i?
2, 3
Let t(w) = 5*w - 6. Let q be t(-3). Suppose 2*u - 3*u + 2 = 0. What are the prime factors of 4/(-6)*q/u?
7
Suppose 4*h + 7 + 5 = 0. Let z be 1/(-3) + 203/h. Let v = -44 - z. What are the prime factors of v?
2, 3
Let w(u) = 11*u**2 - 2*u - 3. Suppose 0 = -2*i + 5*d - d + 4, d + 4 = -i. List the prime factors of w(i).
3, 5
List the prime factors of 1*(54/72)/((-1)/(-1636)).
3, 409
Let j(y) = -y**2 + 10*y - 1. Suppose 2*k = 8, -3*a = -5*k + 3*k - 22. Let g be j(a). Let f = g + 21. List the prime factors of f.
2, 5
Let l = 0 + 2. Suppose 0 = l*g - 3*g - 5, -3*w + 5*g = 2. Let z = 31 + w. What are the prime factors of z?
2, 11
Let n(d) = d**2 - 6*d - 1. Let z(g) = 4*g + 5. Let u be z(-10). Let l be u/11 - (-2)/11. What are the prime factors of n(l)?
2, 13
Suppose 2*i + 7535 = 4*a + i, 0 = -5*a + i + 9419. What are the prime factors of a?
2, 3, 157
Let d be (-8)/6*3 + 9. Suppose -d*p + 2*a = -14, 2*p + 0*p - 5 = a. Suppose 28 = 2*j + v, -p*v - 43 = -3*j - 6*v. What are the prime factors of j?
13
Let h = 649 + -93. What are the prime factors of h?
2, 139
Suppose -7*a + 20 = -2*a. Suppose 4*s - a*n = 96, -2*s - 4*n = -s - 39. What are the prime factors of s?
3
Let j(d) = -d**2 - 1. Let t(w) = -w. Let y(s) = j(s) + 5*t(s). Suppose 4 = -5*g - 6. List the prime factors of y(g).
5
Let b(a) = -a**3 + 5*a**2 + 2*a - 6. Let w be b(5). Suppose 0 = -w*i - 3*z + 64, 2*i + z - 10 = 5*z. List the prime factors of i.
13
Suppose -5*o + 9234 = 4*x, -12*x = 2*o - 10*x - 3694. What are the prime factors of o?
2, 13, 71
Suppose -4*d - y = -3810 - 3793, 3*y = 5*d - 9508. What are the prime factors of d?
1901
Suppose 0*y = y + i - 10, -3*i + 24 = 2*y. Suppose 9*l - 192 = y*l. Suppose -b - b = -l. List the prime factors of b.
2
Let c be 2/((-8)/(-4)) - -1. Suppose 0 = 5*n - c*n - 24. List the prime factors of 2 + (n/4 - -3).
7
Suppose m = -0*l + l, 0 = m + 3*l. Suppose m = 8*o + 5*o - 143. List the prime factors of o.
11
Let w = 2043 + -1100. List the prime factors of w.
23, 41
Let d = 1 - -23. Let y = -46 + 59. Let c = d - y. What are the prime factors of c?
11
Suppose -3*c + 7*x + 314 = 5*x, 4*c + 4*x - 432 = 0. List the prime factors of c.
2, 53
Suppose 7*o = -o + 4*o. Suppose -2*v = -f - 121, 2*v - 133 = -o*v + 5*f. List the prime factors of v.
59
Suppose -4*u + 5*u = 137. Suppose -h = -3*a + 437 - u, -3*a - 5*h = -300. List the prime factors of a.
2, 5
What are the prime factors of (-1021)/(-3) + 22/(-66)?
2, 5, 17
Let g = -661 - -1011. What are the prime factors of g?
2, 5, 7
Suppose 0 = -5*t - w + 345 + 2485, 2*w + 577 = t. What are the prime factors of t?
3, 7
Let g(k) = 16*k**2 + 15*k - 104. List the prime factors of g(9).
1327
Suppose -4*g - q + 2 = 0, 2*g = -4*q + 6 + 2. Suppose 4*n - 10 = 3*v, g*v = 3*v - 6. Suppose -4*o = j - 9, -n*o + 57 = 4*j - 9*o. List the prime factors of j.
13
Suppose -192 = 3*v - s, -2*v - 128 = 3*s + s. Let t be (89/4)/((-8)/v). Suppose -33 + t = 5*d. What are the prime factors of d?
29
Suppose 34 = 21*u + 517. Let t = -12 - u. What are the prime factors of t?
11
Suppose -13*g + 86156 = 15*g. What are the prime factors of g?
17, 181
Let f = 3468 - 1898. What are the prime factors of f?
2, 5, 157
Let x(w) = -5*w**2 - w**3 - 8*w + 8*w**2 + 2 - 1 + 7*w**2. Let u be x(8). Let o = u - 43. What are the prime factors of o?
2, 11
Suppose 0*v - 4*v - 2*k = -2, 0 = -3*v - 5*k - 16. Suppose b = -v*b + 872. What are the prime factors of b?
2, 109
Suppose 2*l = -3*l + 20. Suppose -4*t + 132 = 4*w, -l*w + 137 = 4*t + w. List the prime factors of t.
2, 7
Let z be 4/24 + (-7)/6 + 95. Let t = 152 - z. What are the prime factors of t?
2, 29
Let z(p) = -32*p + 157. What are the prime factors of z(-19)?
3, 5, 17
Suppose 2*t + 83 - 3163 = -4*p, -4*p = 3*t - 4620. List the prime factors of t.
2, 5, 7, 11
Suppose -2*f + 3696 = 10*f. What are the prime factors of f?
2, 7, 11
Let v(y) = 5*y - 37. Let p(t) = -24*t + 184. Let j(a) = 3*p(a) + 14*v(a). What are the prime factors of j(0)?
2, 17
Let j(k) be the second derivative of 20*k**3/3 - 25*k**2/2 + 21*k. What are the prime factors of j(3)?
5, 19
Suppose 26 = 2*r + o, 3*r + 8 = 4*r + 3*o. Let h = r - -111. What are the prime factors of h?
5
What are the prime factors of 94*((-882)/12)/(-7)?
3, 7, 47
Let g = -145 - -147. Suppose g*k + 4*f - 128 + 4 = 0, -166 = -3*k - f. What are the prime factors of k?
2, 3
Suppose 4*a + 12*a - 1824 = 0. What are the prime factors of a?
2, 3, 19
Let v = 507 - -148. What are the prime factors of v?
5, 131
Let u(o) = -40*o - 49*o - 50*o - 18 + 155*o. Let y be (-33)/(-6) - (-1)/2. List the prime factors of u(y).
2, 3, 13
Let z(w) = -6 - 6*w + 5*w**3 - 4*w**3 - 4*w**2 + 8*w**2. Let m = 28 + -32. What are the prime factors of z(m)?
2, 3
Let k = -232 + 4370. What are the prime factors of k?
2, 2069
Let k = -22 - -51. Suppose o - 11 = -z, -z = -3*o - 6*z + k. What are the prime factors of o?
13
Suppose -21*v + 24*v - 2130 = 0. List the prime factors of v.
2, 5, 71
Let f = 9 + -15. Let w be 69*(-3 - 22/f). Suppose w = 4*r + 6. List the prime factors of r.
2, 5
Suppose 4*z - 2*q = 52, -2*z + 2*q + 22 = -q. Let n be (-1254)/(-77) + (-4)/z. Suppose 4*d + n = 5*x + 52, -2*x + 8 = 4*d. List the prime factors of d.
2
List the prime factors of (-21)/252 - 12698/(-24).
23
Suppose 4*n + 2*b = -122, 6 = -4*b - 6. Suppose 2*z - 4*a = 2, 0 = 2*z + 2*a + 19 + 9. Let q = z - n. List the prime factors of q.
2, 5
Suppose 2*t + 5 + 3 = -3*u, -3*t = 2*u + 12. Suppose u = -h - h + 8. Suppose 9*y - 135 = h*y. What are the prime factors of y?
3
List the prime factors of (-69735)/(-20) + 1/4.
11, 317
Let h(g) = g**2 - 6*g + 4. Let d be h(-7). Suppose 0 = -3*j - 2*j + d. Let s = -6 + j. What are the prime factors of s?
13
Let y = 445 - 253. Let a = y + -113. What are the prime factors of a?
79
Let q = 288 + -251. List the prime factors of q.
37
Suppose 0 = -0*d - 2*d + 6. Suppose 0 = -3*n - d*r + 249, -2*n + 178 = 5*r - 0*r. List the prime factors of n.
79
Suppose 0 = 4*y + 2*y - 12. Suppose 156 - 26 = y*s. What are the prime factors of s?
5, 13
Suppose 2*d + 3*d = -45. List the prime factors of (-300)/(d + 4) - -3.
3, 7
Suppose -225 = -c + 2*a, 149 + 526 = 3*c + 2*a. Suppose 4*y - c = -0*y - v, 3*v = 15. List the prime factors of y.
5, 11
Let q = -30 - -33. List the prime factors of 164/2 + (-2 + q - 0).
83
Let s(r) = -r**3 - 2*r**2 + 41. Let j be s(0). Let q = 114 - j. List the prime factors of q.
73
Let v = 1244 + -363. List the prime factors of v.
881
Let q(t) = 4*t - 28. Let k be q(16). Suppose 0 = d - 3*d + k. What are the prime factors of d?
2, 3
Let p be (8/6)/(5/(-15)). Let u be -5 + 4 - -3 - p. Suppose -4*x = 3*s - u, -2*s - 8 = -2*x + 2. What are the prime factors of x?
3
Suppose 4*i + 3*p = 8*p + 41, -2*i - 2*p - 2 = 0. Suppose 2*t + g = 5*g + 320, -i*t + 628 = -5*g. List the prime factors of t.
2, 19
List the prime factors of ((-909)/2 + 2)*(-18)/15.
3, 181
Suppose -146015 = -215*a + 186*a. List the prime factors of a.
5, 19, 53
Let w = 2426 - 1450. What are the prime factors of w?
2, 61
Let d(u) = -u**2 + 3*u + 7. Let o be d(-8). Let y = -46 - o. List the prime factors of y.
5, 7
Let t(p) = p + 82. Let u(s) = s + 81. Let l(b) = 5*t(b) - 4*u(b). Let n be l(0). Let c = n + -42. List the prime factors of c.
2, 11
Let g(v) = -4*v**2 + 3 - 3 - 8*v + 2 + 5*v**2. Let q be g(8). Suppose 4*j = 5*p - 65, 5*p - q*j - 86 + 11 = 0. List the prime factors of p.
17
Suppose -3*b = 2*b + 1645. Let a = -203 - b. What are the prime factors of a?
2, 3, 7
Let n = 976 - -912. List the prime factors of n.
2, 59
Let c(f) = 16*f**2 - 2*f + 1. Let u = -13 - -21. Let j be 4 - (u - (-1 - -3)). List the prime factors of c(j).
3, 23
Let v(a) = -a**3 - 7*a**2 + 3*a + 11. Let h be v(-7). List the prime factors of 4/(-2)*75/h.
3, 5
Let u(w) = -2*w**3 - w**2 + 51*w. What are the prime factors of u(-11)?
2, 3, 5, 11
Suppose -2*n = -5*o - 975, 2*n + 0*o + 4*o = 1020. List the prime factors of n.
2, 5
Suppose 14*v = 4*v + 5230. List the prime factors of v.
523
Let l be 2/(20/(-112) + (-3)/(-7)). Suppose l*j - 26 = 30. List the prime factors of j.
7
Suppose -305*i - 20622 = -326*i.